t is 772264 (base 8) in base 11?
167864
What is -1a56 (base 11) in base 3?
-10120101
Convert 1247050 (base 8) to base 4.
1110320220
-1506ab4 (base 13) to base 10
-6698293
-23540254 (base 6) to base 4
-2311221022
-2231315 (base 6) to base 9
-182112
10011101001010011 (base 2) to base 14
21479
3127158 (base 10) to base 4
23323131312
What is -10001011101111010001 (base 2) in base 5?
-121303434
26d45 (base 14) to base 11
66067
What is -100111010110110011000 (base 2) in base 4?
-10322312120
Convert -123042 (base 5) to base 11.
-3649
-2430224 (base 6) to base 2
-11111010110001000
Convert 180429 (base 12) to base 5.
101242304
-1243433341 (base 5) to base 9
-5757165
Convert -635880 (base 10) to base 15.
-c8620
What is -27678176 (base 9) in base 8?
-64166504
What is 2116267 (base 8) in base 3?
1001200012222
What is 152629 (base 10) in base 13?
54619
What is 240827 (base 10) in base 14?
63a9d
What is 200022201111121 (base 3) in base 13?
202c309
Convert 5775077 (base 8) to base 5.
400241031
What is 3ea9c (base 16) in base 5?
31203133
-246c59 (base 13) to base 10
-872114
Convert -89ca8 (base 13) to base 5.
-31003202
-21aa6 (base 11) to base 7
-162055
Convert -272435 (base 11) to base 12.
-187679
-c8309 (base 16) to base 12
-336635
3450302 (base 6) to base 16
2b5fe
-121532 (base 7) to base 10
-22220
-477251 (base 11) to base 15
-ee156
Convert 103120120030 (base 4) to base 14.
963752
What is 22221032131 (base 4) in base 15?
3a1b51
10001111101011100101001 (base 2) to base 14
8a7b17
Convert -1212235445 (base 6) to base 11.
-7897378
What is 175a7 (base 12) in base 14?
c3b9
Convert -421565 (base 8) to base 12.
-69131
Convert -220323124 (base 5) to base 13.
-272987
What is -643811 (base 11) in base 13?
-2a0999
Convert -46110514 (base 7) to base 15.
-545e8a
What is -a6b13 (base 15) in base 12?
-216169
-188301 (base 11) to base 8
-1064647
Convert -24400 (base 13) to base 12.
-3264a
7a2768 (base 11) to base 15
1a371a
Convert 103da7 (base 14) to base 15.
ac8d6
What is -1110000111001110100 (base 2) in base 7?
-3634154
What is 1484979 (base 10) in base 2?
101101010100010110011
What is 76a916 (base 13) in base 2?
1010101010000111000111
Convert 17410203 (base 8) to base 11.
2328a40
Convert -3a18699 (base 13) to base 5.
-14132200014
Convert cbb7 (base 16) to base 15.
106bb
Convert -93376 (base 10) to base 12.
-46054
1101021102 (base 3) to base 5
1332143
1b019 (base 12) to base 13
1513b
What is 67ed1 (base 16) in base 15?
861db
Convert fe8e6 (base 16) to base 4.
3332203212
Convert 22341402 (base 5) to base 9.
333720
56245054 (base 8) to base 10
12143148
What is -21d8ac (base 15) in base 6?
-54341500
4930b (base 16) to base 10
299787
What is -1786485 (base 11) in base 6?
-144454453
What is -8375202 (base 9) in base 4?
-101011113023
Convert -1201120222001 (base 3) to base 2.
-11011111111001000000
Convert 5342833 (base 9) to base 3.
12101102221010
2073610 (base 8) to base 6
15520532
-132423043 (base 5) to base 6
-22211410
-104213444 (base 5) to base 14
-bdb6b
44441314 (base 6) to base 5
320433430
What is 100001100110010010010 (base 2) in base 16?
10cc92
What is 20202322311 (base 4) in base 15?
2e3b56
Convert -22122220011 (base 3) to base 8.
-515015
6068bb (base 12) to base 8
5572617
Convert 680108 (base 12) to base 14.
312864
39859 (base 15) to base 7
1364556
Convert -2401131 (base 5) to base 4.
-22232030
-221675 (base 13) to base 10
-803015
Convert 1000030123303 (base 4) to base 14.
23409c7
What is 213225 (base 8) in base 13?
265cc
What is -616b79 (base 12) in base 7?
-15653214
Convert -10211203 (base 4) to base 9.
-27684
What is -505a87 (base 12) in base 5?
-310114333
Convert 4676164 (base 8) to base 2.
100110111110001110100
-3405141 (base 6) to base 3
-22202020021
What is 18443 (base 15) in base 10?
78588
Convert -13332416 (base 7) to base 11.
-773976
What is 1031010310 (base 4) in base 10?
315700
84178 (base 11) to base 5
12411113
106959 (base 16) to base 7
12066462
What is -b14961 (base 12) in base 15?
-399914
538a0 (base 11) to base 12
39370
-10a120 (base 11) to base 6
-3423520
What is -133022443 (base 5) in base 8?
-2443332
What is -12011100000010 (base 3) in base 7?
-32211426
-23300233022 (base 4) to base 8
-13605712
Convert -59c3f (base 16) to base 7.
-3060644
5d8673 (base 15) to base 14
849cb0
What is -403311310 (base 5) in base 11?
-a068a6
301b5 (base 13) to base 5
10223000
What is 155954 (base 10) in base 15?
3131e
15535535 (base 6) to base 11
350757
What is 13002554 (base 8) in base 15?
3bec17
-10ca3 (base 15) to base 7
-311625
Convert -201210100122 (base 3) to base 6.
-12203242
What is bc377 (base 13) in base 16?
53494
Convert -7753 (base 8) to base 7.
-14611
Convert -55416 (base 11) to base 14.
-21401
Convert -2004402120 (base 5) to base 11.
-227a428
Convert -224111 (base 8) to base 6.
-1343053
-632562 (base 7) to base 14
-2ba32
118005 (base 10) to base 9
188776
-1000100001000101100011 (base 2) to base 16
-221163
Convert -16350284 (base 9) to base 14.
-112d9c9
-10001020211000 (base 3) to base 14
-302010
-820a (base 16) to base 12
-17322
What is 11023322313 (base 4) in base 14?
275663
-6a220c (base 16) to base 7
-113056343
Convert -783b41 (base 13) to base 5.
-1211223132
Convert 505012 (base 6) to base 16.
9c20
Convert -63623135 (base 7) to base 13.
-117143c
Convert -3143229 (base 10) to base 3.
-12220200200220
Convert -5643554 (base 8) to base 12.
-616a64
What is -136566 (base 7) in base 9?
-40140
-312262 (base 7) to base 16
-d192
Convert 522660 (base 7) to base 3.
11120021010
What is -e78246 (base 15) in base 8?
-52006025
Convert 1351652 (base 9) to base 16.
b54ff
What is 10131200 (base 5) in base 15?
19a35
-216a7 (base 16) to base 10
-136871
Convert -100001110011110000 (base 2) to base 12.
-68180
fbdae (base 16) to base 12
418ba6
What is 13033 (base 10) in base 11?
9879
Convert 27177b (base 12) to base 11.
4010a2
-7b992 (base 13) to base 6
-4501022
Convert -117b37 (base 15) to base 16.
-cc238
36b10 (base 14) to base 16
20afa
-121364604 (base 7) to base 4
-130332200001
What is 31a90c (base 13) in base 16?
11ca77
What is -5451477 (base 9) in base 13?
-7b6562
What is 523141 (base 7) in base 10?
89944
What is -b4b18 (base 13) in base 4?
-1033103213
What is -12320434 (base 5) in base 10?
-120119
What is 110000001010100001001 (base 2) in base 14?
2d1241
What is 7aea9c (base 15) in base 3?
102001022012210
What is 18741a0 (base 13) in base 10?
8006167
Convert -11101010101110 (base 2) to base 9.
-22541
Convert 20222210 (base 4) to base 14.
cd12
What is 60acc5 (base 15) in base 2?
10001100001010011110101
Convert 100011110110010011 (base 2) to base 10.
146835
What is -201131 (base 12) in base 10?
-499573
43534622 (base 7) to base 4
32101012013
10000110010010100 (base 2) to base 10
68756
What is 131040004 (base 5) in base 16?
9d039
-112021000012 (base 3) to base 4
-1010201132
Convert 1334124033 (base 6) to base 11.
9133a03
654577 (base 10) to base 8
2376361
What is -54a48 (base 11) in base 12?
-3a213
What is -3bdb8 (base 16) in base 13?
-87799
-114573 (base 8) to base 14
-10467
Convert a956e (base 15) to base 12.
21b312
What is 1111111100001000010 (base 2) in base 16?
7f842
Convert 1101111011010110101101 (base 2) to base 4.
31323112231
What is 131210 (base 11) in base 4?
302123132
Convert -1551503 (base 8) to base 3.
-211201120122
What is 3133030010 (base 4) in base 8?
3371404
-12444332221 (base 5) to base 16
-ee5b48
1a289d (base 14) to base 2
11100010110110011011
What is -101012112110 (base 3) in base 9?
-335473
-2f0509 (base 16) to base 14
-5a2dbb
Convert 1201111202002 (base 3) to base 15.
131392
Convert -1407595 (base 12) to base 4.
-33033022001
Convert -3479 (base 15) to base 4.
-2232003
Convert 1d0201 (base 14) to base 8.
3752471
-11310 (base 13) to base 6
-400450
Convert -13ac48 (base 16) to base 2.
-100111010110001001000
-51440256 (base 7) to base 14
-80379d
Convert 305259 (base 11) to base 3.
220220022101
ad5ac9 (base 15) to base 8
37432525
-34995 (base 14) to base 6
-2425051
What is 2260a2 (base 11) in base 7?
3025024
What is 3100013201 (base 4) in base 2?
11010000000111100001
What is -1422d0 (base 14) in base 15?
-dba35
What is 236a959 (base 11) in base 7?
50043455
32010310 (base 5) to base 3
111112100002
149d22 (base 15) to base 10
995207
Convert 62c7a (b